 the prime factors of 3991895989?
191, 20899979
What are the prime factors of 3623210478?
2, 3, 201289471
List the prime factors of 71881512.
2, 3, 1663, 1801
List the prime factors of 3750294068.
2, 31, 2777, 10891
List the prime factors of 1604561431.
11, 7487, 19483
What are the prime factors of 248011124?
2, 62002781
List the prime factors of 139765981.
293, 477017
List the prime factors of 23669885.
5, 73, 64849
What are the prime factors of 773145841?
13, 193, 308149
What are the prime factors of 159835654?
2, 11, 643, 11299
What are the prime factors of 371918395?
5, 23, 43, 75211
What are the prime factors of 71378358?
2, 3, 11896393
List the prime factors of 210130379.
43, 149, 32797
What are the prime factors of 1533469053?
3, 43, 11887357
List the prime factors of 5711048612.
2, 17, 43, 1953163
What are the prime factors of 279175270?
2, 5, 11, 727, 3491
What are the prime factors of 4563864156?
2, 3, 1949, 195137
List the prime factors of 35408157.
3, 1453, 8123
List the prime factors of 14230694.
2, 7115347
List the prime factors of 401494998.
2, 3, 101, 223, 2971
List the prime factors of 57425547.
3, 31, 617479
List the prime factors of 61831656.
2, 3, 223, 3851
What are the prime factors of 11162918?
2, 13, 19, 59, 383
What are the prime factors of 4775169?
3, 7, 29, 7841
List the prime factors of 2274936512.
2, 137, 259459
What are the prime factors of 605884919?
605884919
What are the prime factors of 3770831734?
2, 251, 1993, 3769
What are the prime factors of 4648605666?
2, 3, 41, 307, 61553
What are the prime factors of 28312187?
28312187
What are the prime factors of 16769407?
16769407
What are the prime factors of 46658805?
3, 5, 241, 12907
What are the prime factors of 6711250?
2, 5, 7, 13, 59
What are the prime factors of 115031043?
3, 47, 90647
List the prime factors of 1282057992.
2, 3, 17, 37, 28309
List the prime factors of 2305391059.
317, 7272527
List the prime factors of 41014813.
7, 211, 3967
List the prime factors of 115052952.
2, 3, 7, 331, 2069
List the prime factors of 33985578.
2, 3, 11, 514933
List the prime factors of 409491803.
7, 29, 31, 65071
List the prime factors of 260896122.
2, 3, 29, 499801
List the prime factors of 4455153194.
2, 367, 6069691
List the prime factors of 61703016.
2, 3, 509, 5051
List the prime factors of 9045174518.
2, 151, 1723, 17383
List the prime factors of 791289616.
2, 13, 17, 223781
What are the prime factors of 122989622?
2, 7, 19, 67, 103
What are the prime factors of 1198635028?
2, 11071, 27067
What are the prime factors of 433668550?
2, 5, 7, 641, 1933
What are the prime factors of 3275014995?
3, 5, 7, 31, 335383
What are the prime factors of 124938447?
3, 41646149
List the prime factors of 86633244.
2, 3, 2406479
What are the prime factors of 4652995128?
2, 3, 23, 379, 967
List the prime factors of 161503825.
5, 7, 17, 54287
List the prime factors of 45514013.
167, 272539
List the prime factors of 342918901.
13, 26378377
List the prime factors of 75886091.
75886091
List the prime factors of 16554561.
3, 67, 82361
List the prime factors of 21461137.
21461137
List the prime factors of 20193422.
2, 10096711
What are the prime factors of 428562891?
3, 47618099
What are the prime factors of 69195140?
2, 5, 7, 494251
What are the prime factors of 42251155?
5, 19, 43, 10343
What are the prime factors of 2831600?
2, 5, 7079
List the prime factors of 4708016244.
2, 3, 17, 2564279
What are the prime factors of 25634890?
2, 5, 2563489
What are the prime factors of 2405540489?
11, 12953, 16883
List the prime factors of 252016746.
2, 3, 42002791
List the prime factors of 155297150.
2, 5, 23, 83, 1627
What are the prime factors of 910293591?
3, 19, 15970063
List the prime factors of 971341528.
2, 121417691
What are the prime factors of 365567424?
2, 3, 43, 44279
List the prime factors of 40729714.
2, 79, 257783
What are the prime factors of 1234985309?
13159, 93851
List the prime factors of 816264919.
71, 11496689
List the prime factors of 246324704.
2, 787, 9781
List the prime factors of 364514647.
7, 31, 659, 2549
List the prime factors of 277676118.
2, 3, 15426451
What are the prime factors of 834513391?
17, 49089023
What are the prime factors of 41592124?
2, 7, 1485433
List the prime factors of 270203194.
2, 4639, 29123
What are the prime factors of 1015247621?
857, 1184653
List the prime factors of 28673317.
28673317
What are the prime factors of 60774779?
13, 17, 59, 79
List the prime factors of 1154111391.
3, 128234599
What are the prime factors of 42604119?
3, 23, 205817
What are the prime factors of 21256062?
2, 3, 3542677
List the prime factors of 58463045.
5, 947, 12347
What are the prime factors of 1041598792?
2, 13, 23, 435451
What are the prime factors of 1056608849?
881, 1199329
What are the prime factors of 126387334?
2, 1459, 43313
List the prime factors of 7673051.
7673051
List the prime factors of 904788799.
167, 5417897
List the prime factors of 5353404534.
2, 3, 33045707
What are the prime factors of 347172494?
2, 479, 362393
What are the prime factors of 401602713?
3, 17, 2239, 3517
What are the prime factors of 105343541?
1487, 70843
List the prime factors of 967845979.
383, 2527013
List the prime factors of 225328696.
2, 2693, 10459
List the prime factors of 220280037.
3, 131, 293, 1913
What are the prime factors of 63686156?
2, 101, 157639
What are the prime factors of 78684368?
2, 7, 702539
List the prime factors of 19118632.
2, 13, 79, 179
List the prime factors of 109443612.
2, 3, 9120301
List the prime factors of 281518766.
2, 373, 377371
What are the prime factors of 126904893?
3, 42301631
List the prime factors of 59353580.
2, 5, 11, 13, 20753
List the prime factors of 1326118093.
31, 42778003
What are the prime factors of 836462087?
8221, 101747
What are the prime factors of 709269182?
2, 29, 3413, 3583
What are the prime factors of 523956442?
2, 261978221
List the prime factors of 113520942.
2, 3, 2311, 2729
What are the prime factors of 895365297?
3, 59, 887, 1901
List the prime factors of 48899318.
2, 13, 59, 127, 251
What are the prime factors of 1158753191?
1158753191
What are the prime factors of 205619719?
1877, 109547
What are the prime factors of 7981582?
2, 7, 570113
What are the prime factors of 638423475?
3, 5, 8512313
List the prime factors of 934440171.
3, 7, 59, 349, 2161
What are the prime factors of 894334994?
2, 7, 63881071
What are the prime factors of 38070102?
2, 3, 7, 906431
What are the prime factors of 316197356?
2, 317, 249367
What are the prime factors of 634803255?
3, 5, 73, 193243
List the prime factors of 428057.
7, 61151
List the prime factors of 513605449.
7, 1931, 37997
List the prime factors of 460656731.
460656731
List the prime factors of 41711342.
2, 523, 39877
What are the prime factors of 45359836?
2, 11339959
List the prime factors of 596828051.
251, 2377801
List the prime factors of 184395563.
11, 2957, 5669
List the prime factors of 1384215340.
2, 5, 69210767
List the prime factors of 40285605.
3, 5, 19, 141353
List the prime factors of 1390555964.
2, 7, 19, 31, 84317
List the prime factors of 1574208450.
2, 3, 5, 29, 71, 1699
What are the prime factors of 33137639?
33137639
List the prime factors of 12143185.
5, 17, 19, 73, 103
What are the prime factors of 73399322?
2, 1093, 33577
What are the prime factors of 5983995?
3, 5, 398933
List the prime factors of 102145780.
2, 5, 11, 42209
List the prime factors of 139094086.
2, 31, 2243453
What are the prime factors of 46598542?
2, 157, 148403
List the prime factors of 992659242.
2, 3, 163, 1014989
What are the prime factors of 86819690?
2, 5, 8681969
What are the prime factors of 40794166?
2, 7, 547, 761
List the prime factors of 11829183.
3, 3943061
What are the prime factors of 82932467?
82932467
List the prime factors of 379853912.
2, 31, 1531669
List the prime factors of 378355605.
3, 5, 29, 53, 16411
What are the prime factors of 222469286?
2, 13, 8556511
What are the prime factors of 2177188313?
12979, 167747
List the prime factors of 74723522.
2, 157, 237973
What are the prime factors of 2661758875?
5, 1279, 16649
What are the prime factors of 1944364579?
17, 114374387
List the prime factors of 403819377.
3, 13, 17, 609079
What are the prime factors o